1. Give l(h).
5
Let l(p) be the third derivative of -p**4/24 + 2*p**3/3 - 2*p**2 + 279*p. Give l(-25).
29
Suppose -131 - 61 + 12 = 15*c. Let o(m) be the third derivative of m**5/60 + 11*m**4/24 - 3*m**3/2 + 4*m**2. Determine o(c).
3
Let d(i) be the second derivative of -i**3/6 + i**2/2 + 246874*i. Suppose -3*x = -8*x + 20. Calculate d(x).
-3
Suppose -14 = -16*p + 50. Suppose c + 6 = -3*i, -p*i - 46 = 7*c - 12*c. Let a(q) = -2*q + 9. Calculate a(c).
-3
Suppose 15 - 465 = -5*w. Let t(x) = -6*x**2 + 3*x + 79 - w - 7*x + 7*x**2. Determine t(8).
21
Let t(k) = 2*k**3 + 13*k**2 + 3*k - 7. Suppose -154*a = 3*w - 149*a + 23, -17 = 2*w + 5*a. Determine t(w).
11
Let f(m) = -37 + m + 15 + 16. Let b be f(0). Let h(j) = -2*j - 2. What is h(b)?
10
Let p(b) = 4*b**3 - b**2 - b. Let q = 1288 + -1289. Give p(q).
-4
Let j(s) = 2*s**3 + 11*s**2 - s + 41. Let z be j(-6). Suppose -12*g = z*g + 115. Let c(x) = x**3 + 7*x**2 + 8*x - 11. Determine c(g).
-1
Let q(h) = h**2 + 21*h + 38. Let k be q(-19). Let s(x) be the first derivative of -12 + 1/2*x**2 + 1/3*x**3 - 3*x. Give s(k).
-3
Let q(a) be the first derivative of -a**4/4 - 3*a**3 - 5*a**2 + 17*a + 891. Determine q(-8).
33
Let o(t) = -t**3 + t - 3. Let p be o(-3). Let w be 1*(-1)/3*(-504)/p. Let h(n) = -n**2 + 3*n + 9. What is h(w)?
-31
Let l(h) = 47*h + 9. Let b(p) = 17*p. Let a(r) = 3*b(r) - l(r). Determine a(-8).
-41
Let i(c) = -c**2 - 4*c + 15. Suppose 571*j - 636*j - 409 = 46. Determine i(j).
-6
Let b(c) = 1 - 7 - 4*c + 11*c - c**2. Suppose 1 = o, 4*l + l - 11*o = 14. Calculate b(l).
4
Let j(k) = -9*k**3 + 3*k**2 + 3*k + 9. Let w(s) = 15*s - 10 - 25*s + 8*s**3 + 8*s**3 + 6*s - 4*s**2 - 5*s**3. Let m(x) = -6*j(x) - 5*w(x). What is m(3)?
-7
Let d(l) be the third derivative of 0*l + 1/6*l**3 - 2*l**2 + 1/24*l**4 + 0 - 1/60*l**5. Let a be (-56)/(-12)*(7/14 - 2) - -7. Give d(a).
1
Let r(k) = 22*k - 203. Suppose 4*m + a - 41 = 0, -43 = -41*m + 37*m - 3*a. Give r(m).
17
Suppose 109*q - 114*q = -25. Suppose -i + 4*h - q*h = 8, -10 = 5*h. Let w(d) = d**2 + 8*d + 5. Calculate w(i).
-7
Let z(c) be the third derivative of -c**5/120 + 11*c**4/12 + 101*c**3/6 + 105*c**2. Let i(j) be the first derivative of z(j). Calculate i(10).
12
Suppose -2*g + 48 = 4*g. Suppose 12*s = g*s + 112. Let b(c) = -6*c - 57 + 33 + s + 0*c. Give b(4).
-20
Let z(k) = -2*k. Let b(h) = -3*h**2 - 4*h + 4. Let w be b(-3). Let d(y) = -y**3 - 10*y**2 + 11*y - 1. Let f be d(w). Calculate z(f).
2
Let u(c) = 12421*c + 12426*c - 24 - 24845*c. What is u(6)?
-12
Let c(j) = -6*j**2 + j + 5. Let x(a) = 2*a**2 + 3*a - 5. Let k(d) = -2*d**2 - 2*d + 4. Let v(p) = 3*k(p) + 2*x(p). Let o(f) = 3*c(f) - 8*v(f). Give o(2).
-3
Let a(k) = 366 + 244 - 957 - 5*k**2 + 47*k + 4*k**2. Determine a(38).
-5
Let n(s) = -8*s - 1. Let v(r) = -7*r. Let k(b) = 6*n(b) - 7*v(b). Suppose 19 - 70 = -12*w + 21. What is k(w)?
0
Let v(i) = 2*i**2 - 145*i + 1205. Let r be v(10). Let t(y) = y**3 + 45*y**2 - 2*y - 82. Calculate t(r).
8
Let t be 1/(2/8) - 48/24. Let w(g) = 2*g**2 - 14 - g**2 - g - 2*g**t. What is w(0)?
-14
Let h(d) be the third derivative of -d**4/24 + d**3 + 23*d**2. Let q be h(2). Let n(t) = -4 + q*t + 2*t - 8*t. What is n(-5)?
6
Let s be -6 + 12/(1 + 1). Let t(l) = s*l**2 + 20 + 4*l**2 - 3*l + l**3 + 2*l - 15. What is t(-4)?
9
Suppose -4 + 1 = -w. Suppose -3*z - 2*a + 13 = 0, 0*z + 14 = -z + w*a. Let j(i) = -34 + 22 - 14 - 11*i + 27. Calculate j(z).
-10
Let h(i) = -4 + 18*i - 5 + 2*i - 8*i - 11*i. Determine h(19).
10
Let v(g) be the second derivative of -g**5/20 + g**4/12 - g**3/6 + 5*g**2 - 4565*g. Give v(5).
-95
Let u(l) = -l**3 + 8*l**2 - 10*l + 6. Let d(t) = -t**3 + 30*t**2 - 55*t + 11. Let b be d(28). Let o be (-364)/b*9/(-12). Calculate u(o).
-15
Let v = 144 + -82. Let j = 91 - v. Let t(c) = c + c**2 - j*c**3 + 30*c**3 - 2*c - 1 + 2*c**2. What is t(-3)?
2
Let t(o) be the third derivative of o**4/24 + o**3/2 + o**2. Suppose -2998*m - 153 = -2981*m. Let b be t(m). Let c(h) = h**3 + 7*h**2 + 7*h. What is c(b)?
-6
Let v = 519 - 518. Let j(t) be the second derivative of -1/2*t**2 + 2/3*t**3 + 0 + 11*t. Give j(v).
3
Let n(g) = g**3 + g**2 - 8. Suppose -5*o = 7 + 13, a + o = -2. Let j(z) = -2*z - 2. Let v be j(-4). Suppose 4*l + v = -2*c - 0, -a*c = -l + 6. What is n(l)?
-8
Let z(r) = 13*r + r - 1 + 0. Let q(k) = -27*k**2 + 166*k - 26. Let c be q(6). What is z(c)?
-29
Let b(t) be the second derivative of t**5/20 + t**4/6 + 7*t**3/6 + 5*t**2 + 2351*t. Give b(0).
10
Let c(b) be the third derivative of -b**4/12 - 67*b**3/6 + 6401*b**2. What is c(0)?
-67
Let z(w) be the first derivative of w**4/4 + w**3 - 7*w**2/2 + 15*w + 569. What is z(-5)?
0
Let l(c) = c**2 - 12*c + 6. Let w = -54 - -34. Let m be ((-8)/w)/(3/75). Give l(m).
-14
Let u(o) = o**2 + 27*o - 14. Let s be 715/(-22)*56/70. Give u(s).
-40
Let p(t) = -t - 34. Let m be ((-8)/4 - -60)*(10 + 42/(-4)). Calculate p(m).
-5
Let b(a) = -2*a - 4. Let v(j) = j**2 + 7*j + 12. Let r = 38 - 76. Let q = -44 - r. Let f be v(q). Calculate b(f).
-16
Let l(d) = 19 - 34*d + 106*d - 38*d - 16*d. Calculate l(-5).
-71
Suppose 1 = 4*a - 7. Suppose -3*h = -2*n - 2, -3*n - a*h = -5*h. Let k(r) = 12*r + 19*r + 18*r - 55*r. What is k(n)?
-12
Let o be (-4)/((-18)/(-3276)*28). Let j(r) = r**2 + 25*r - 43. What is j(o)?
-17
Let m(o) = 15*o - 9*o - 14*o - 18. Let c be m(-2). Let x(z) = z**2 + z. Give x(c).
2
Let s(g) be the second derivative of g**4/12 + 5*g**3/6 - 2*g**2 - 2*g. Let v be (-6)/(-20) + (-189)/30. Let u be -3*(2 - (-4 - 24/v)). Determine s(u).
2
Let b(d) be the first derivative of -d**4/4 - 5*d**3/3 + 3*d**2/2 + 4*d + 12. Let s be b(-5). Let h = 3 + s. Let g(c) = -c**2 - 9*c - 9. What is g(h)?
-1
Let h(n) = -8*n - 14. Suppose 2*j = -j + 12. Suppose -j*t + 4*k = 36, t - 11*k = -6*k - 29. Calculate h(t).
18
Let r(f) = -f**2 - 31*f - 216. Let x be (21/5)/((242/(-22))/55). Give r(x).
-6
Suppose 3*g = -25*g + 56. Suppose 4*c = 3*y - 29, -2 = g*y - c - 13. Let k(l) = -l**2 + 3*l + 3. What is k(y)?
3
Let h(y) = y**3 + 4*y**2 + 4*y + 3. Let t be h(-3). Let n = -2 - t. Let a(c) = c + 2. Calculate a(n).
0
Let l(f) = -f**2 + 8*f + 141. Let w be l(16). Let h(k) = 3 + 4*k + 22*k**2 + 3*k - w*k**2 - 8*k**2. Determine h(-7).
3
Let m(q) = q**2 + 10*q + 34. Let k be m(-6). Let v(d) = -2 - d + k + 2 - 11. Determine v(4).
-5
Let o(b) = -3*b + 4. Suppose 3*g - 2*g - 4 = 0. Suppose g*k = 11 - 3. Let c(f) = -f**3 + 3*f**2 - 2*f + 3. Let x be c(k). Calculate o(x).
-5
Let a(m) = -m**3 + 8*m**2 + 9*m - 4. Let x(t) = 2*t**3 - 5*t**2 + 7*t + 7. Let d be x(4). Suppose 79*h + 24 = d*h. Suppose 4*w + h = 42. Give a(w).
-4
Let d = 80 - 65. Let m(z) = -27*z**3 - 19*z**3 - 9*z + d + 10*z**2 - 18*z**3 + 65*z**3. Let i be (-66)/6*1/1. Calculate m(i).
-7
Let w(m) = m**3 + 6*m**2 - 7*m - 5. Suppose 0 = o - d + 12, 122*d = -2*o + 123*d - 19. Give w(o).
-5
Let k(b) = 3*b**2 + 5*b - 16. Let d(n) = -6*n**2 + 71*n + 70. Let a be d(-1). Determine k(a).
96
Let u(j) = -j**2 + 9*j + 1. Let s be u(0). Let o be 51/12 + s - (-2)/(-8). Let v be ((o - -2) + 3)/(-2). Let w(a) = a + 7. Give w(v).
2
Let p(r) = 4 + 13*r - r + 6*r - 16*r. Let d be p(1). Let w(k) = -k + 3. What is w(d)?
-3
Let w = -37 - -34. Let d(h) = -6*h - 3. Let s(r) = 2. Let a(o) = w*s(o) - d(o). Let l be 3/1*(-6)/(-9). What is a(l)?
9
Let q(b) = 6*b + 2. Let r(f) = f**2 + 4*f - 4. Let j be r(-6). Let v(p) = -3*p. Let w(n) = j*v(n) + q(n). Determine w(2).
-34
Let t = -3 - 4. Let o(w) = 3 + 7 + 11*w + 30928*w**2 - 61953*w**2 + 31026*w**2 + 0. What is o(t)?
-18
Let r be 6/4*(-5 - -3) + 7. Suppose 0 = q - 3*q + 4. Let c(b) = -b - b - 5*b + q + 6*b. Give c(r).
-2
Let k(l) = 12*l**2 + 12*l - 20. Let m(f) = -11*f**2 - 11*f + 14. Let x(r) = -3*k(r) - 4*m(r). What is x(-2)?
20
Let d(i) = 8*i - 2. Let z be 34/(-11) + (-26)/(-286). Determine d(z).
-26
Let z(l) = -5*l + 79. Suppose 4*c - 8*v - 80 = -12*v, -3*c + 18 = -4*v. Calculate z(c).
9
Let f(l) = -101*l - 3. Let v(s) = -16*s + 1. Let a(c) = -f(c) + 6*v(c). What is a(0)?
9
Suppose 3*m + 2*h - 18 = 0, -3*h + 17 = 5*m - 4*h. Suppose m*f - 2*f = 4. Let n(a) = -49 + 2*a**3 - 10 + 30 + 2*a - 2*a**2 + 26. Calculate n(f).
9
Let c(m) = 73*m - 322. Let x(o) = -o**2 - 145*o + 586. Let z(d) = -9*c(d) - 5*x(d). Give z(-14).
-4
Let l = 3 + -20. Let y(v) = -3*v**2 + 20*v + 10. Let f(w)